 0 + -51017651?
-51017651
In base 5, what is -33144 - 2144?
-40343
In base 11, what is 0 - -1a346710?
1a346710
In base 14, what is -5d9c39 + -6?
-5d9c41
In base 14, what is 167a + -878?
c02
In base 11, what is 5 + -58248313?
-58248309
In base 6, what is 210510 + -1342?
205124
In base 12, what is 29992 - -a84?
2a856
In base 12, what is -5599b20 + 22?
-5599aba
In base 5, what is -2 - 141133102?
-141133104
In base 14, what is -73058 + d?
-73049
In base 10, what is 257407765 - -2?
257407767
In base 4, what is -232322322 + 213330?
-232102332
In base 15, what is 7b2e + 908?
8537
In base 15, what is 128a77 + 15?
128a8c
In base 12, what is -74749b34 - 5?
-74749b39
In base 11, what is -385 - 9a11?
-a296
In base 5, what is 43 + 334011344?
334011442
In base 4, what is 12003212303211 + -12?
12003212303133
In base 3, what is 102011010101 + -1222?
102011001102
In base 10, what is 3 - 20036109?
-20036106
In base 15, what is -181 + -bcee?
-be80
In base 12, what is -b + 61a78?
61a69
In base 15, what is -238ceae + -c?
-238cebb
In base 9, what is -27 - 20031422?
-20031450
In base 7, what is 6242221 - -332?
6242553
In base 4, what is 0 + -10303031130110?
-10303031130110
In base 10, what is -68424 + 0?
-68424
In base 9, what is 46582462 - 4?
46582457
In base 5, what is -1203 - -131010101?
131003343
In base 13, what is 5 - 8572432?
-857242a
In base 16, what is 417 + 1369?
1780
In base 7, what is -13613 + 3623?
-6660
In base 3, what is 220 + -1021221200012?
-1021221122022
In base 16, what is 17 + 101115?
10112c
In base 4, what is 13320120023 - -2022?
13320122111
In base 16, what is -1d1f5 - -60?
-1d195
In base 14, what is 6a2508 + -3?
6a2505
In base 11, what is -491 + -251313?
-2517a4
In base 12, what is 3352 - -165?
34b7
In base 10, what is 371646 - 48?
371598
In base 13, what is -22 - 3204289?
-32042ab
In base 7, what is 64664456132 + -5?
64664456124
In base 2, what is 11 - 100011000101111001101001010?
-100011000101111001101000111
In base 15, what is -607e - a3?
-6132
In base 2, what is -1101010011110000101 + -100010111?
-1101010100010011100
In base 7, what is -51122 - -310106?
225654
In base 12, what is -644 - 48932?
-49376
In base 16, what is -1391f8b - -e?
-1391f7d
In base 12, what is -16 - 44233?
-44249
In base 2, what is 11 + -1100110100011011100011?
-1100110100011011100000
In base 3, what is -220 - 10101120221111102?
-10101120221112022
In base 13, what is 204 + 105142c?
1051633
In base 10, what is -9746 + 79?
-9667
In base 14, what is -9a - -2a3?
207
In base 7, what is 425422 - 3430?
421662
In base 9, what is 13 + 633047?
633061
In base 15, what is 13c6208 + c?
13c6215
In base 10, what is -40401117 - -1?
-40401116
In base 13, what is 221 + 21ba2?
220c3
In base 11, what is 204180 + -140?
204040
In base 13, what is -2775 - 1a5b7?
-2005c
In base 11, what is -4 + a24688a?
a246886
In base 14, what is -724056 - -2?
-724054
In base 4, what is -1103 + -200023110332?
-200023112101
In base 9, what is -231 - 7204413?
-7204644
In base 16, what is 88 + 1b728?
1b7b0
In base 12, what is -7b7547 + 22?
-7b7525
In base 8, what is 6 - 221656013?
-221656005
In base 10, what is 2 + 13683962?
13683964
In base 10, what is -19862 + 4649?
-15213
In base 14, what is d3 - -920a?
92dd
In base 5, what is 1221322 + -20102?
1201220
In base 16, what is 221794a3 + -5?
2217949e
In base 14, what is 80 - 61d3b?
-61c9b
In base 15, what is -4e9 + -5696e?
-56e68
In base 2, what is 11100011110110110 + 1111110?
11100100000110100
In base 7, what is -10 + -3514222?
-3514232
In base 5, what is 132 + -340341104?
-340340422
In base 16, what is -32e + -58?
-386
In base 4, what is 2211 - 20212012132?
-20212003321
In base 9, what is 44023 + 162?
44185
In base 7, what is -26313 + 526662?
500346
In base 3, what is 11 + -111212100010220012?
-111212100010220001
In base 7, what is -1 + 123300465?
123300464
In base 16, what is 7 + -101f580?
-101f579
In base 12, what is 362b47 - 1?
362b46
In base 9, what is 2112057 - 7?
2112050
In base 3, what is -10102222 - 2021201?
-12201200
In base 9, what is 305 + -348432?
-348126
In base 5, what is 41422104 + 22?
41422131
In base 12, what is 6416 - 633a?
98
In base 16, what is 1b77 - db1?
dc6
In base 5, what is -402421 + -32012?
-434433
In base 6, what is 13244 - 105411?
-52123
In base 13, what is -184c + 1465?
-3b7
In base 7, what is 366 + -2521636?
-2521240
In base 16, what is 11052814 - -4?
11052818
In base 15, what is -33a5189 - 3?
-33a518c
In base 14, what is 558 - -1cc3?
243b
In base 9, what is 103262334 - -5?
103262340
In base 11, what is -2271792 - 1?
-2271793
In base 3, what is 1201 - -2000120200220?
2000120202121
In base 15, what is 1 - 3e52d1d?
-3e52d1c
In base 8, what is 75536656 - 4?
75536652
In base 4, what is -230321 + -310300?
-1201221
In base 9, what is 153638 - -346?
154085
In base 8, what is 11152 - -1500?
12652
In base 8, what is 30536655 + 124?
30537001
In base 11, what is 0 - -2132a86a?
2132a86a
In base 11, what is 169a244 + 7?
169a250
In base 3, what is 100211001201 - 11?
100211001120
In base 6, what is 153 + -2345422?
-2345225
In base 10, what is 17 + 233565?
233582
In base 8, what is -1045 - -35206?
34141
In base 13, what is -728c47 + -34?
-728c7b
In base 6, what is -5145212420 - 25?
-5145212445
In base 14, what is -49 + -dcdc?
-dd47
In base 9, what is 3 + 12175687?
12175701
In base 14, what is 3d + 386326?
386365
In base 4, what is 2 - -33101322333?
33101323001
In base 8, what is 4370 + 32610?
37200
In base 13, what is -345ba4 + 23?
-345b81
In base 9, what is -41510888 + 8?
-41510880
In base 5, what is 1043200340 - 0?
1043200340
In base 4, what is 10130232 - -101123?
10232021
In base 9, what is 320 - -26830?
27250
In base 15, what is 49861 + 133?
49994
In base 2, what is 1010100010010110010 - 11100?
1010100010010010110
In base 15, what is -625e + -10?
-626e
In base 2, what is 11001001101000 - -1100000101?
11010101101101
In base 2, what is -1011110011000001001101111 + -101110?
-1011110011000001010011101
In base 8, what is -13543 - -102404?
66641
In base 6, what is -105 - 332112?
-332221
In base 11, what is 13 - -12621544?
12621557
In base 5, what is 212 + 10334043?
10334310
In base 2, what is -10100100101111001011011 - 1?
-10100100101111001011100
In base 11, what is -27 - -2525172?
2525146
In base 4, what is 12102220 - -3000301?
21103121
In base 13, what is 90ba - 1c1?
8bc9
In base 3, what is -10002012121 + -12?
-10002012210
In base 7, what is 2665 - -64665?
100663
In base 8, what is 262535 + -21?
262514
In base 9, what is 2534210 - -101?
2534311
In base 2, what is -101100101111010001110111110 + 101?
-101100101111010001110111001
In base 2, what is -11100100111010011 + -100100?
-11100100111110111
In base 3, what is 1212122020 + 22202?
1212221222
In base 16, what is -175 + 7b878?
7b703
In base 15, what is 1b0dee53 - 0?
1b0dee53
In base 6, what is 324 - -1003542?
1004310
In base 16, what is d + -35366?
-35359
In base 9, what is 14737360 + -3?
14737356
In base 14, what is -5 - 1166b78d?
-1166b794
In base 11, what is 1 + -6866574?
-6866573
In base 12, what is -14115761b + -1?
-141157620
In base 9, what is -13 - 344060?
-344073
In base 13, what is 1b + 2409893?
24098b1
In base 12, what is 4556 - 18?
453a
In base 7, what is -43232 + 2354?
-40545
In base 3, what is -1022202021211 + -101212?
-1022202200200
In base 9, what is 771803563 + 5?
771803568
In base 15, what is -1925cde - -3?
-1925cdb
In base 9, what is 803 - 104523?
-103620
In base 4, what is 13000 + 10232022?
10311022
In base 2, what is 11101011000111101001111 + 101?
11101011000111101010100
In base 5, what is -1 - 421101133?
-421101134
In base 14, what is 0 - 2b28654?
-2b28654
In base 7, what is -4 - -4340210?
4340203
In base 8, what is -710112 + -6?
-710120
In base 12, what is 816 + -7a3b?
-7225
In base 15, what is e5 + 70ce?
71c4
In base 10, what is 302212 + 3970?
306182
In base 5, what is -121143300 - -1?
-121143244
In base 14, what is -207 + 2cb7?
2ab0
In base 8, what is -22517 - -37523?
15004
In base 8, what is -247 - 15115175?
-15115444
In base 5, what is -411 + 424431301?
424430340
In base 2, what is 100111100001011101000 + 1001?
100111100001011110001
In base 7, what is 21661221 + 201?
21661422
In base 15, what is -13da9 - -105?
-13ca4
In base 10, what is -432461700 - -1?
-432461699
In b